-16
Let x(r) = -r + 1. Suppose -15 = -8*m + 17. Let n be 4*(0 - m/8). What is x(n)?
3
Suppose -6*m = -2*m - 16. Let j(d) = d + 1. Let g = 117 - 115. Let k(p) = 3*p - 4. Let h(a) = g*j(a) - k(a). Determine h(m).
2
Suppose -w + 2 - 9 = 0. Let k(d) = 9*d**3 + 3*d**2 + 4. Let g(x) = -2*x**3 + x**2. Let y(b) = 4*g(b) + k(b). What is y(w)?
4
Let y = -70 + 147. Suppose y*i - 33 = 74*i. Let r(a) = a**2 - 10*a - 9. Calculate r(i).
2
Let y be -2*(-15)/4*(-22)/(-55). Let l(n) = -2*n**2 - 2. Give l(y).
-20
Let j(a) be the second derivative of a**4/12 + 7*a**3/6 - 3*a**2 + 7*a. Let p be j(-7). Let r(i) = i**2 + 6*i + 9. Give r(p).
9
Let b = 9504 - 9500. Suppose -2*o = 2, 4*z - 6 = -o + 1. Let y(p) = 2*p**2 - 1 - p**z - 4*p - 1. Calculate y(b).
-2
Let q(h) = 2*h - 1. Suppose -5*z - 2*t = 12 + 8, -27 = z + 5*t. Let d = 674 - 673. Let k be ((-2)/4)/(d/z). Calculate q(k).
1
Suppose 3*g = -3*g - 384. Let i = 62 + g. Let d(s) = s**2 - 2*s - 1. Calculate d(i).
7
Let d(q) be the first derivative of q**3/3 - q**2 - 5*q + 85. Suppose 2*a - 12 = 2*r + 6*a, 5*a + 25 = 0. Give d(r).
3
Let q(c) be the first derivative of -c**2 + 18*c - 209. What is q(8)?
2
Let o(l) = l**2 - 8*l. Let m be ((-1)/4)/((368/(-16))/828). Calculate o(m).
9
Suppose -5 + 1 = -2*y. Let l = 9 + -9. Let w(g) = -y*g - g**3 + l - g**3 + 2 - 4*g**2 + 0*g**3. Calculate w(-2).
6
Let o(s) = -7*s - 1. Let y(x) = -x**2 + 8*x + 1. Let k be y(8). Suppose -m - k - 1 = 0. Calculate o(m).
13
Let z(w) = -w**3 - 6*w**2 - 7*w - 7. Let p be (-4)/(-8) + (-33)/6. Let j be z(p). Let g(x) = -x - 4. Calculate g(j).
-7
Let x(d) = -8 - 3 - 24*d**2 + 12*d**2 + 14*d + 2 - d**3. Determine x(-13).
-22
Let g(a) = a**2 - 10*a + 15*a - 3 - 3*a**2. Give g(4).
-15
Let h(p) be the first derivative of 1/3*p**3 + 5 + 5/2*p**2 - 2*p. Let x be (-23)/5 + 8/(-20)*1. Determine h(x).
-2
Let o(u) be the first derivative of -4*u**2 + 9*u - 28. Let g(l) = 7*l - 10. Let j(t) = -5*g(t) - 4*o(t). Calculate j(6).
-4
Let l(p) be the third derivative of p**6/120 + 3*p**5/20 + 3*p**4/8 + 2*p**3/3 - 49*p**2. Calculate l(-8).
-4
Let x(l) = l**2 - 6*l - 3. Let g be ((-72)/120)/(3/(-30)). Calculate x(g).
-3
Let d(j) = -j**2 + 22*j + 49. Let z(f) = -6*f**2 + 109*f + 244. Let n(v) = -11*d(v) + 2*z(v). Give n(-22).
-7
Let n be 6/(-2)*14/21. Let j(d) = 4*d + 7. Determine j(n).
-1
Let b(c) = 1 - 9507*c + 0*c**2 - c**2 + 9508*c. Determine b(-1).
-1
Suppose 6*r = 9*r + 21. Let w(n) = -n**2 - 10*n - 4. Give w(r).
17
Let n = 233 - 227. Let c(b) = b - 3. Let p(l) = -1. Let w(g) = -c(g) + 5*p(g). Determine w(n).
-8
Let g(z) be the first derivative of -z**3 + 73*z - 9 - 2*z**2 - 36*z - 39*z. What is g(-2)?
-6
Let i(y) = -7*y**2 - 8*y - 6. Let c(f) = 6*f**2 + 7*f + 5. Let x(w) = 5*c(w) + 4*i(w). Calculate x(-3).
10
Let z(u) = -3 + 6*u**2 - 19*u - 3*u**3 + 4*u**3 + 13*u + 5 + 1. Determine z(-5).
58
Let u(n) = n - 1. Suppose 23 = 5*x - 7. Suppose -11*f - 10 = -x*f. Determine u(f).
-3
Let t(m) be the third derivative of m**4/24 - m**3/3 + 10*m**2 + 5*m. Determine t(9).
7
Let u be -6*36/(-8) + 4. Suppose u = -13*h + 14*h. Let i = 27 - h. Let v(d) = d**2 + 3*d - 5. Give v(i).
-1
Let a = 1625/6 - 270. Let c(h) be the third derivative of 5/24*h**4 + 0*h + 0 - a*h**3 - 1/60*h**5 + 3*h**2. What is c(5)?
-5
Let p(u) = u**3 + 13*u**2 + 11*u - 1. Suppose -5*k - y = 4*y + 75, -5*k - 3*y - 69 = 0. Determine p(k).
11
Let c(y) = -y + 3. Let b be c(2). Let o be 8 - ((-5)/(-1) - b). Let i(p) = -2*p**2 + 5*p + 4. What is i(o)?
-8
Let h be (-38)/4 + 3 + 4/8. Let p(r) = r**3 + 8*r**2 + 14*r + 10. Calculate p(h).
-2
Let d(q) = q**2 + 4*q - 3. Suppose 0 = -28*a - 22 - 146. Give d(a).
9
Let t(l) = -3*l**2 - 21*l + 9. Let r(n) = -n**2 - 7*n + 3. Let s(j) = -17*r(j) + 6*t(j). Let p = -11605 + 11598. What is s(p)?
3
Let s(v) be the first derivative of -v**3 + 3*v + 217. What is s(3)?
-24
Let o be 0*(3 - 4)*-1. Let i(k) = k**2 + 28. What is i(o)?
28
Let u(r) = r**3 - 4*r**2 + 3*r - 3. Suppose -2*t + 4 = -14. Let j(x) = x**2 - 9*x + 12. Let b be j(t). Suppose -3*k + b = k. Calculate u(k).
-3
Let h(z) = -z**3 - 2*z**2 - 3*z - 10. Let c(d) = -d**2. Let w(i) = -5*c(i) - h(i). Calculate w(-7).
-11
Let a(c) = -13*c + 46. Let z be a(3). Let i(y) = -y**3 + 7*y**2 + 4. What is i(z)?
4
Let u be (15/6 - 2)/((-1)/2). Let y(l) = 5*l**2 + 3*l. Let b(w) = -10*w**2 - 5*w. Let f(z) = 3*b(z) + 5*y(z). Give f(u).
-5
Let w(m) = m**2 - 5*m + 7. Let b(n) = n**2 - 6*n + 8. Let i = -5 + 3. Let k(p) = i*b(p) + 3*w(p). Let c(x) = x**2 + x + 4. Let z be c(0). Calculate k(z).
9
Let n(o) = o**3 - o**2 - 2*o - 2. Suppose 2 = u - 3, m + 5*u - 28 = 0. Suppose -8*h - m*h = -33. Give n(h).
10
Let l be (-1)/(2*2/8). Let h(i) = 2*i + 0*i - 182*i**2 + 187*i**2 - 8 + 10. Give h(l).
18
Let o be 2 - 1 - 8/(-40)*-25. Let y(m) be the second derivative of m**5/20 + m**4/3 - m**2 + 2*m. Calculate y(o).
-2
Suppose 11*g - 15*g - j + 33 = 0, -5*j = 3*g - 29. Let z(n) = 6*n - 14. Determine z(g).
34
Suppose 0 = -5*x, -4*g + 0*g = -2*x + 32. Let b(j) = -j**3 - 8*j**2 - j - 7. Determine b(g).
1
Let a(m) = m + 9. Let f be -28*((-2)/4 + (-9)/(-12)). Calculate a(f).
2
Let h(d) = -d**3 - 2*d**2 - 4*d + 1. Let x be (-27)/9 + (1 - 0). Let v(p) = -p**3 - p**2 - 3*p + 1. Let m(a) = x*h(a) + 3*v(a). Determine m(3).
-20
Let k be (-2)/(-2) + 4/1. Suppose -35 = 4*i - 5*o, -i + k*o - 11 = 9. Let c(m) = m**2 + 2 - 3*m**2 - 6*m - m**3 - 4*m**2. What is c(i)?
7
Let u(l) = 4*l + 2. Suppose k - 8 = -5*g + 13, k - g + 9 = 0. Calculate u(k).
-14
Let o = 15 - 15. Let g(r) = -2*r + 3. Let y be g(o). Let i(z) = z**3 - 4*z**2 + 3*z + 3. Determine i(y).
3
Let s be (-6)/1 + (7 - 7)/(-4). Let h(b) = 3*b + 6. Calculate h(s).
-12
Let y(a) be the first derivative of -a**2 - 18*a - 203. Determine y(-7).
-4
Let u(r) = r**2 + 5*r + 1. Suppose -2*x + 3*x + 2 = 0. Let q be (-18)/(-27)*12/x. Determine u(q).
-3
Let u(d) = d**3 - 6*d**2 - 9*d + 9. Let v = 691 - 684. Calculate u(v).
-5
Suppose -2*p - p = -2*x, 0 = 2*x + p. Let h(y) = y**3 - 2*y**2 + y - 4. Let o(q) = q**2 - q. Let c(t) = -h(t) - 2*o(t). Give c(x).
4
Let n(h) = 6*h + 42. Let u be n(-6). Let v(z) be the first derivative of -z**3/6 + 3*z**2 - 2*z + 4. Let o(r) be the first derivative of v(r). Determine o(u).
0
Let i(f) = -21*f**2 + f. Suppose 0 = 3*q - 0*q - 6, 2*l + 2*q = -44. Let m = l + 25. Give i(m).
-20
Let c(l) = l**2 - 3*l + 6. Let v(i) = -i + 1. Let a(y) = -c(y) + 4*v(y). Let u = 6 - 4. Suppose f = u*f. Calculate a(f).
-2
Let l(i) be the first derivative of -i**4/2 + i**2 - i + 38. What is l(1)?
-1
Let g(j) = 2*j**3 + j**2 + j - 1. Let p be (-2)/(7/(21/(-6))). Let x be g(p). Let q(t) = 6 - 4*t**2 + 3*t + x*t**2 + 4*t. Calculate q(7).
6
Let l(u) = -u + 2. Let w(r) = 2*r - 4. Let j be w(3). Let o be -1 - 2*(-3)/j. Suppose -3*q + 18 = 2*y, -14 = -y - 5*q + o. Determine l(y).
-4
Suppose -4 = -8*y - 4. Suppose 5*s = 3*v - 89 - 21, 5*s = 2*v - 80. Suppose -3*z + 8*z + v = y. Let a(m) = m**2 + 8*m + 4. Calculate a(z).
-8
Let h be (-1 - 1)*20/(-8). Let f(u) = -u**3 - u. Let o(i) = 2*i**3 - 6*i**2 + 5*i + 2. Let t = 65 - 66. Let k(s) = t*f(s) - o(s). Determine k(h).
3
Let d(r) = -4*r - 9. Let n(a) = -3*a - 9. Let b(m) = -4*d(m) + 5*n(m). Let p be -21*(-3 + 0)/9. Determine b(p).
-2
Let c(k) = -4*k**2 - 4*k + 2*k**2 + 1416*k**3 - 1417*k**3 - 6. Give c(-3).
15
Let f(z) = -z**3 - z**2 - z + 1. Let y(k) = 5*k**3 + 8*k**2 + 2*k - 1. Let d(q) = -4*f(q) - y(q). Let x be 6/(-5)*(-600)/45. Let r = -20 + x. Give d(r).
-11
Let r(c) = 12*c**2 + 3*c - 3. Let k(y) = 11*y**2 + 2*y - 2. Let t(g) = -4*k(g) + 3*r(g). Let x = 4 + -3. Calculate t(x).
-8
Let j(b) = -5*b + 7. Let c = 253 + -248. What is j(c)?
-18
Let c(p) = p. Let l(z) = 8*z**2 + 72*z + 4. Let n be l(-9). Determine c(n).
4
Let o(j) be the third derivative of j**4/24 - 75*j**2. What is o(-7)?
-7
Let y(z) = 11*z**3 + 10*z**2 + 10*z - 21. Let a(n) = 5*n**3 + 5*n**2 + 5*n - 10. Let b(c) = -13*a(c) + 6*y(c). Let f be (-1)/7 - (-301)/49. What is b(f)?
10
Let y(j) be the second derivative of j**3/6 - 9*j**2/2 + 120*j. Determine y(17).
8
Let x(j) = j**3 + 7*j**2 + 7*j - 1. Suppose -9*o + 3*o + 36 = 0. Let r be ((-30)/o)/(3 + -2). Give x(r).
14
Let d(l) be the first derivative of -l**4/4 + 14*l + 34. Let o be 2 + -4 + 3 - 1. Give d(o).
14
Suppose 0 = -0*y - 3*y + 12, 4*y = 3*h -